{"id":627,"date":"2025-11-27T10:33:45","date_gmt":"2025-11-27T13:33:45","guid":{"rendered":"https:\/\/derecho.face.ubiobio.cl\/?page_id=627"},"modified":"2026-01-07T10:55:51","modified_gmt":"2026-01-07T13:55:51","slug":"mision-y-vision-copy","status":"publish","type":"page","link":"https:\/\/derecho.face.ubiobio.cl\/?page_id=627","title":{"rendered":"Centro de Estudiantes de Derecho"},"content":{"rendered":"\t\t<div data-elementor-type=\"wp-page\" data-elementor-id=\"627\" class=\"elementor elementor-627\" data-elementor-post-type=\"page\">\n\t\t\t\t<div data-particle_enable=\"false\" data-particle-mobile-disabled=\"false\" class=\"elementor-element elementor-element-0519b6c e-flex e-con-boxed e-con e-parent\" data-id=\"0519b6c\" data-element_type=\"container\" data-settings=\"{&quot;background_background&quot;:&quot;classic&quot;}\">\n\t\t\t\t\t<div class=\"e-con-inner\">\n\t\t\t\t<div class=\"elementor-element elementor-element-061a526 elementor-invisible elementor-widget elementor-widget-heading\" data-id=\"061a526\" data-element_type=\"widget\" data-settings=\"{&quot;_animation&quot;:&quot;fadeInRight&quot;}\" data-widget_type=\"heading.default\">\n\t\t\t\t\t<h2 class=\"elementor-heading-title elementor-size-default\">Centro de Estudiantes de Derecho<\/h2>\t\t\t\t<\/div>\n\t\t\t\t\t<\/div>\n\t\t\t\t<\/div>\n\t\t<div data-particle_enable=\"false\" data-particle-mobile-disabled=\"false\" class=\"elementor-element elementor-element-f05bfbe e-flex e-con-boxed e-con e-parent\" data-id=\"f05bfbe\" data-element_type=\"container\">\n\t\t\t\t\t<div class=\"e-con-inner\">\n\t\t\t\t<div class=\"elementor-element elementor-element-ec63035 elementor-widget elementor-widget-eael-breadcrumbs\" data-id=\"ec63035\" data-element_type=\"widget\" data-widget_type=\"eael-breadcrumbs.default\">\n\t\t\t\t<div class=\"elementor-widget-container\">\n\t\t\t\t\t\t\t<div class=\"eael-breadcrumbs\">\n\t\t\t<div class=\"eael-breadcrumbs__content\"><a href=\"https:\/\/derecho.face.ubiobio.cl\">Inicio<\/a> <span class=\"eael-breadcrumb-separator\">\/<\/span> <span class = \"eael-current\">P\u00e1gina<\/span><\/div>\t\t<\/div>\n\t\t\t\t\t\t<\/div>\n\t\t\t\t<\/div>\n\t\t\t\t<div class=\"elementor-element elementor-element-8b22686 elementor-widget-divider--view-line elementor-widget elementor-widget-divider\" data-id=\"8b22686\" data-element_type=\"widget\" data-widget_type=\"divider.default\">\n\t\t\t\t\t\t\t<div class=\"elementor-divider\">\n\t\t\t<span class=\"elementor-divider-separator\">\n\t\t\t\t\t\t<\/span>\n\t\t<\/div>\n\t\t\t\t\t\t<\/div>\n\t\t\t\t\t<\/div>\n\t\t\t\t<\/div>\n\t\t<div data-particle_enable=\"false\" data-particle-mobile-disabled=\"false\" class=\"elementor-element elementor-element-4fe799d e-flex e-con-boxed e-con e-parent\" data-id=\"4fe799d\" data-element_type=\"container\">\n\t\t\t\t\t<div class=\"e-con-inner\">\n\t\t\t\t<div class=\"elementor-element elementor-element-3d2a2ee elementor-widget elementor-widget-image\" data-id=\"3d2a2ee\" data-element_type=\"widget\" data-widget_type=\"image.default\">\n\t\t\t\t\t\t\t\t\t\t\t\t\t\t\t<img fetchpriority=\"high\" decoding=\"async\" width=\"2560\" height=\"1903\" src=\"https:\/\/derecho.face.ubiobio.cl\/wp-content\/uploads\/2025\/11\/Centro-de-Estudiantes-de-Derecho-CED-1-scaled.jpg\" class=\"attachment-full size-full wp-image-650\" alt=\"\" srcset=\"https:\/\/derecho.face.ubiobio.cl\/wp-content\/uploads\/2025\/11\/Centro-de-Estudiantes-de-Derecho-CED-1-scaled.jpg 2560w, https:\/\/derecho.face.ubiobio.cl\/wp-content\/uploads\/2025\/11\/Centro-de-Estudiantes-de-Derecho-CED-1-300x223.jpg 300w, https:\/\/derecho.face.ubiobio.cl\/wp-content\/uploads\/2025\/11\/Centro-de-Estudiantes-de-Derecho-CED-1-1024x761.jpg 1024w, https:\/\/derecho.face.ubiobio.cl\/wp-content\/uploads\/2025\/11\/Centro-de-Estudiantes-de-Derecho-CED-1-768x571.jpg 768w, https:\/\/derecho.face.ubiobio.cl\/wp-content\/uploads\/2025\/11\/Centro-de-Estudiantes-de-Derecho-CED-1-1536x1142.jpg 1536w, https:\/\/derecho.face.ubiobio.cl\/wp-content\/uploads\/2025\/11\/Centro-de-Estudiantes-de-Derecho-CED-1-2048x1522.jpg 2048w\" sizes=\"(max-width: 2560px) 100vw, 2560px\" \/>\t\t\t\t\t\t\t\t\t\t\t\t\t\t\t<\/div>\n\t\t\t\t<div class=\"elementor-element elementor-element-57e40d7 elementor-widget elementor-widget-text-editor\" data-id=\"57e40d7\" data-element_type=\"widget\" data-widget_type=\"text-editor.default\">\n\t\t\t\t\t\t\t\t\t<p class=\"text-sm md:text-base text-slate-700\" data-source-pos=\"31:12-33:16\" data-source-name=\"p\">El Centro de Estudiantes de Derecho representa a las y los estudiantes de la carrera, promoviendo la participaci\u00f3n, el desarrollo acad\u00e9mico y la vida universitaria. Su labor es clave para canalizar inquietudes, proponer iniciativas y mantener el v\u00ednculo con las distintas unidades de la Universidad del B\u00edo-B\u00edo.<\/p>\t\t\t\t\t\t\t\t<\/div>\n\t\t\t\t\t<\/div>\n\t\t\t\t<\/div>\n\t\t<div data-particle_enable=\"false\" data-particle-mobile-disabled=\"false\" class=\"elementor-element elementor-element-b060c21 e-flex e-con-boxed e-con e-parent\" data-id=\"b060c21\" data-element_type=\"container\">\n\t\t\t\t\t<div class=\"e-con-inner\">\n\t\t<div data-particle_enable=\"false\" data-particle-mobile-disabled=\"false\" class=\"elementor-element elementor-element-8770c62 e-con-full e-flex e-con e-child\" data-id=\"8770c62\" data-element_type=\"container\" data-settings=\"{&quot;background_background&quot;:&quot;classic&quot;}\">\n\t\t\t\t<div class=\"elementor-element elementor-element-fed3804 elementor-position-top elementor-widget elementor-widget-image-box\" data-id=\"fed3804\" data-element_type=\"widget\" data-widget_type=\"image-box.default\">\n\t\t\t\t\t<div class=\"elementor-image-box-wrapper\"><figure class=\"elementor-image-box-img\"><img decoding=\"async\" width=\"1080\" height=\"1080\" src=\"https:\/\/derecho.face.ubiobio.cl\/wp-content\/uploads\/2025\/11\/3-1.jpg\" class=\"attachment-full size-full wp-image-654\" alt=\"\" srcset=\"https:\/\/derecho.face.ubiobio.cl\/wp-content\/uploads\/2025\/11\/3-1.jpg 1080w, https:\/\/derecho.face.ubiobio.cl\/wp-content\/uploads\/2025\/11\/3-1-300x300.jpg 300w, https:\/\/derecho.face.ubiobio.cl\/wp-content\/uploads\/2025\/11\/3-1-1024x1024.jpg 1024w, https:\/\/derecho.face.ubiobio.cl\/wp-content\/uploads\/2025\/11\/3-1-150x150.jpg 150w, https:\/\/derecho.face.ubiobio.cl\/wp-content\/uploads\/2025\/11\/3-1-768x768.jpg 768w\" sizes=\"(max-width: 1080px) 100vw, 1080px\" \/><\/figure><div class=\"elementor-image-box-content\"><h3 class=\"elementor-image-box-title\">Jos\u00e9 Sebasti\u00e1n Medina Robles<\/h3><p class=\"elementor-image-box-description\">Secretario de Vinculaci\u00f3n con el Medio<\/p><\/div><\/div>\t\t\t\t<\/div>\n\t\t\t\t<\/div>\n\t\t<div data-particle_enable=\"false\" data-particle-mobile-disabled=\"false\" class=\"elementor-element elementor-element-ba4eb90 e-con-full e-flex e-con e-child\" data-id=\"ba4eb90\" data-element_type=\"container\" data-settings=\"{&quot;background_background&quot;:&quot;classic&quot;}\">\n\t\t\t\t<div class=\"elementor-element elementor-element-45f1192 elementor-position-top elementor-widget elementor-widget-image-box\" data-id=\"45f1192\" data-element_type=\"widget\" data-widget_type=\"image-box.default\">\n\t\t\t\t\t<div class=\"elementor-image-box-wrapper\"><figure class=\"elementor-image-box-img\"><img decoding=\"async\" width=\"1080\" height=\"1080\" src=\"https:\/\/derecho.face.ubiobio.cl\/wp-content\/uploads\/2025\/11\/4-1.jpg\" class=\"attachment-full size-full wp-image-653\" alt=\"\" srcset=\"https:\/\/derecho.face.ubiobio.cl\/wp-content\/uploads\/2025\/11\/4-1.jpg 1080w, https:\/\/derecho.face.ubiobio.cl\/wp-content\/uploads\/2025\/11\/4-1-300x300.jpg 300w, https:\/\/derecho.face.ubiobio.cl\/wp-content\/uploads\/2025\/11\/4-1-1024x1024.jpg 1024w, https:\/\/derecho.face.ubiobio.cl\/wp-content\/uploads\/2025\/11\/4-1-150x150.jpg 150w, https:\/\/derecho.face.ubiobio.cl\/wp-content\/uploads\/2025\/11\/4-1-768x768.jpg 768w\" sizes=\"(max-width: 1080px) 100vw, 1080px\" \/><\/figure><div class=\"elementor-image-box-content\"><h3 class=\"elementor-image-box-title\">Pablo Ignacio Y\u00e1\u00f1ez Ot\u00e1rola<\/h3><p class=\"elementor-image-box-description\">Secretario de Asuntos Interiores<\/p><\/div><\/div>\t\t\t\t<\/div>\n\t\t\t\t<\/div>\n\t\t<div data-particle_enable=\"false\" data-particle-mobile-disabled=\"false\" class=\"elementor-element elementor-element-7e6727c e-con-full e-flex e-con e-child\" data-id=\"7e6727c\" data-element_type=\"container\" data-settings=\"{&quot;background_background&quot;:&quot;classic&quot;}\">\n\t\t\t\t<div class=\"elementor-element elementor-element-f1540c2 elementor-position-top elementor-widget elementor-widget-image-box\" data-id=\"f1540c2\" data-element_type=\"widget\" data-widget_type=\"image-box.default\">\n\t\t\t\t\t<div class=\"elementor-image-box-wrapper\"><figure class=\"elementor-image-box-img\"><img loading=\"lazy\" decoding=\"async\" width=\"1080\" height=\"1080\" src=\"https:\/\/derecho.face.ubiobio.cl\/wp-content\/uploads\/2025\/11\/2-1.jpg\" class=\"attachment-full size-full wp-image-655\" alt=\"\" srcset=\"https:\/\/derecho.face.ubiobio.cl\/wp-content\/uploads\/2025\/11\/2-1.jpg 1080w, https:\/\/derecho.face.ubiobio.cl\/wp-content\/uploads\/2025\/11\/2-1-300x300.jpg 300w, https:\/\/derecho.face.ubiobio.cl\/wp-content\/uploads\/2025\/11\/2-1-1024x1024.jpg 1024w, https:\/\/derecho.face.ubiobio.cl\/wp-content\/uploads\/2025\/11\/2-1-150x150.jpg 150w, https:\/\/derecho.face.ubiobio.cl\/wp-content\/uploads\/2025\/11\/2-1-768x768.jpg 768w\" sizes=\"(max-width: 1080px) 100vw, 1080px\" \/><\/figure><div class=\"elementor-image-box-content\"><h3 class=\"elementor-image-box-title\">Antonia Paz Sanhueza Araneda <\/h3><p class=\"elementor-image-box-description\">Secretaria de Apoyo Acad\u00e9mico<\/p><\/div><\/div>\t\t\t\t<\/div>\n\t\t\t\t<\/div>\n\t\t<div data-particle_enable=\"false\" data-particle-mobile-disabled=\"false\" class=\"elementor-element elementor-element-80d1545 e-con-full e-flex e-con e-child\" data-id=\"80d1545\" data-element_type=\"container\" data-settings=\"{&quot;background_background&quot;:&quot;classic&quot;}\">\n\t\t\t\t<div class=\"elementor-element elementor-element-45e38cf elementor-position-top elementor-widget elementor-widget-image-box\" data-id=\"45e38cf\" data-element_type=\"widget\" data-widget_type=\"image-box.default\">\n\t\t\t\t\t<div class=\"elementor-image-box-wrapper\"><figure class=\"elementor-image-box-img\"><img loading=\"lazy\" decoding=\"async\" width=\"1080\" height=\"1080\" src=\"https:\/\/derecho.face.ubiobio.cl\/wp-content\/uploads\/2025\/11\/Disen\u0303o-sin-ti\u0301tulo-3.jpg\" class=\"attachment-full size-full wp-image-674\" alt=\"\" srcset=\"https:\/\/derecho.face.ubiobio.cl\/wp-content\/uploads\/2025\/11\/Disen\u0303o-sin-ti\u0301tulo-3.jpg 1080w, https:\/\/derecho.face.ubiobio.cl\/wp-content\/uploads\/2025\/11\/Disen\u0303o-sin-ti\u0301tulo-3-300x300.jpg 300w, https:\/\/derecho.face.ubiobio.cl\/wp-content\/uploads\/2025\/11\/Disen\u0303o-sin-ti\u0301tulo-3-1024x1024.jpg 1024w, https:\/\/derecho.face.ubiobio.cl\/wp-content\/uploads\/2025\/11\/Disen\u0303o-sin-ti\u0301tulo-3-150x150.jpg 150w, https:\/\/derecho.face.ubiobio.cl\/wp-content\/uploads\/2025\/11\/Disen\u0303o-sin-ti\u0301tulo-3-768x768.jpg 768w\" sizes=\"(max-width: 1080px) 100vw, 1080px\" \/><\/figure><div class=\"elementor-image-box-content\"><h3 class=\"elementor-image-box-title\">Rodrigo Ignacio Vargas Villarroel<\/h3><p class=\"elementor-image-box-description\">Secretario de Finanzas<\/p><\/div><\/div>\t\t\t\t<\/div>\n\t\t\t\t<\/div>\n\t\t\t\t\t<\/div>\n\t\t\t\t<\/div>\n\t\t<div data-particle_enable=\"false\" data-particle-mobile-disabled=\"false\" class=\"elementor-element elementor-element-d36802a e-flex e-con-boxed e-con e-parent\" data-id=\"d36802a\" data-element_type=\"container\">\n\t\t\t\t\t<div class=\"e-con-inner\">\n\t\t<div data-particle_enable=\"false\" data-particle-mobile-disabled=\"false\" class=\"elementor-element elementor-element-a14cefd e-con-full e-flex e-con e-child\" data-id=\"a14cefd\" data-element_type=\"container\" data-settings=\"{&quot;background_background&quot;:&quot;classic&quot;}\">\n\t\t\t\t<div class=\"elementor-element elementor-element-d25f528 elementor-position-top elementor-widget elementor-widget-image-box\" data-id=\"d25f528\" data-element_type=\"widget\" data-widget_type=\"image-box.default\">\n\t\t\t\t\t<div class=\"elementor-image-box-wrapper\"><figure class=\"elementor-image-box-img\"><img loading=\"lazy\" decoding=\"async\" width=\"1080\" height=\"1080\" src=\"https:\/\/derecho.face.ubiobio.cl\/wp-content\/uploads\/2025\/11\/5-1.jpg\" class=\"attachment-full size-full wp-image-652\" alt=\"\" srcset=\"https:\/\/derecho.face.ubiobio.cl\/wp-content\/uploads\/2025\/11\/5-1.jpg 1080w, https:\/\/derecho.face.ubiobio.cl\/wp-content\/uploads\/2025\/11\/5-1-300x300.jpg 300w, https:\/\/derecho.face.ubiobio.cl\/wp-content\/uploads\/2025\/11\/5-1-1024x1024.jpg 1024w, https:\/\/derecho.face.ubiobio.cl\/wp-content\/uploads\/2025\/11\/5-1-150x150.jpg 150w, https:\/\/derecho.face.ubiobio.cl\/wp-content\/uploads\/2025\/11\/5-1-768x768.jpg 768w\" sizes=\"(max-width: 1080px) 100vw, 1080px\" \/><\/figure><div class=\"elementor-image-box-content\"><h3 class=\"elementor-image-box-title\">Amalia Alejandra Vallejos Sharp<\/h3><p class=\"elementor-image-box-description\">Secretaria de Bienestar Estudiantil<\/p><\/div><\/div>\t\t\t\t<\/div>\n\t\t\t\t<\/div>\n\t\t<div data-particle_enable=\"false\" data-particle-mobile-disabled=\"false\" class=\"elementor-element elementor-element-570a964 e-con-full e-flex e-con e-child\" data-id=\"570a964\" data-element_type=\"container\" data-settings=\"{&quot;background_background&quot;:&quot;classic&quot;}\">\n\t\t\t\t<div class=\"elementor-element elementor-element-3129336 elementor-position-top elementor-widget elementor-widget-image-box\" data-id=\"3129336\" data-element_type=\"widget\" data-widget_type=\"image-box.default\">\n\t\t\t\t\t<div class=\"elementor-image-box-wrapper\"><figure class=\"elementor-image-box-img\"><img loading=\"lazy\" decoding=\"async\" width=\"1080\" height=\"1080\" src=\"https:\/\/derecho.face.ubiobio.cl\/wp-content\/uploads\/2025\/11\/1-1.jpg\" class=\"attachment-full size-full wp-image-656\" alt=\"\" srcset=\"https:\/\/derecho.face.ubiobio.cl\/wp-content\/uploads\/2025\/11\/1-1.jpg 1080w, https:\/\/derecho.face.ubiobio.cl\/wp-content\/uploads\/2025\/11\/1-1-300x300.jpg 300w, https:\/\/derecho.face.ubiobio.cl\/wp-content\/uploads\/2025\/11\/1-1-1024x1024.jpg 1024w, https:\/\/derecho.face.ubiobio.cl\/wp-content\/uploads\/2025\/11\/1-1-150x150.jpg 150w, https:\/\/derecho.face.ubiobio.cl\/wp-content\/uploads\/2025\/11\/1-1-768x768.jpg 768w\" sizes=\"(max-width: 1080px) 100vw, 1080px\" \/><\/figure><div class=\"elementor-image-box-content\"><h3 class=\"elementor-image-box-title\">Hans Alessandro Warner Fuentealba<\/h3><p class=\"elementor-image-box-description\">Secretario de Deportes<\/p><\/div><\/div>\t\t\t\t<\/div>\n\t\t\t\t<\/div>\n\t\t\t\t\t<\/div>\n\t\t\t\t<\/div>\n\t\t\t\t<\/div>\n\t\t","protected":false},"excerpt":{"rendered":"<p>Centro de Estudiantes de Derecho Inicio \/ P\u00e1gina El Centro de Estudiantes de Derecho representa a las y los estudiantes de la carrera, promoviendo la participaci\u00f3n, el desarrollo acad\u00e9mico y la vida universitaria. Su labor es clave para canalizar inquietudes, proponer iniciativas y mantener el v\u00ednculo con las distintas unidades de la Universidad del B\u00edo-B\u00edo. [&hellip;]<\/p>\n","protected":false},"author":1,"featured_media":0,"parent":0,"menu_order":0,"comment_status":"closed","ping_status":"closed","template":"","meta":{"footnotes":""},"class_list":["post-627","page","type-page","status-publish","hentry"],"_links":{"self":[{"href":"https:\/\/derecho.face.ubiobio.cl\/index.php?rest_route=\/wp\/v2\/pages\/627","targetHints":{"allow":["GET"]}}],"collection":[{"href":"https:\/\/derecho.face.ubiobio.cl\/index.php?rest_route=\/wp\/v2\/pages"}],"about":[{"href":"https:\/\/derecho.face.ubiobio.cl\/index.php?rest_route=\/wp\/v2\/types\/page"}],"author":[{"embeddable":true,"href":"https:\/\/derecho.face.ubiobio.cl\/index.php?rest_route=\/wp\/v2\/users\/1"}],"replies":[{"embeddable":true,"href":"https:\/\/derecho.face.ubiobio.cl\/index.php?rest_route=%2Fwp%2Fv2%2Fcomments&post=627"}],"version-history":[{"count":55,"href":"https:\/\/derecho.face.ubiobio.cl\/index.php?rest_route=\/wp\/v2\/pages\/627\/revisions"}],"predecessor-version":[{"id":1559,"href":"https:\/\/derecho.face.ubiobio.cl\/index.php?rest_route=\/wp\/v2\/pages\/627\/revisions\/1559"}],"wp:attachment":[{"href":"https:\/\/derecho.face.ubiobio.cl\/index.php?rest_route=%2Fwp%2Fv2%2Fmedia&parent=627"}],"curies":[{"name":"wp","href":"https:\/\/api.w.org\/{rel}","templated":true}]}}