{"id":844,"date":"2025-12-03T01:06:24","date_gmt":"2025-12-03T04:06:24","guid":{"rendered":"https:\/\/derecho.face.ubiobio.cl\/?page_id=844"},"modified":"2026-01-07T10:57:47","modified_gmt":"2026-01-07T13:57:47","slug":"noticias","status":"publish","type":"page","link":"https:\/\/derecho.face.ubiobio.cl\/?page_id=844","title":{"rendered":"Noticias"},"content":{"rendered":"\t\t<div data-elementor-type=\"wp-page\" data-elementor-id=\"844\" class=\"elementor elementor-844\" data-elementor-post-type=\"page\">\n\t\t\t\t<div data-particle_enable=\"false\" data-particle-mobile-disabled=\"false\" class=\"elementor-element elementor-element-864b138 e-flex e-con-boxed e-con e-parent\" data-id=\"864b138\" data-element_type=\"container\" data-settings=\"{&quot;background_background&quot;:&quot;classic&quot;}\">\n\t\t\t\t\t<div class=\"e-con-inner\">\n\t\t\t\t<div class=\"elementor-element elementor-element-c7a0e27 elementor-invisible elementor-widget elementor-widget-heading\" data-id=\"c7a0e27\" data-element_type=\"widget\" data-settings=\"{&quot;_animation&quot;:&quot;fadeInRight&quot;}\" data-widget_type=\"heading.default\">\n\t\t\t\t\t<h2 class=\"elementor-heading-title elementor-size-default\">NOTICIAS<\/h2>\t\t\t\t<\/div>\n\t\t\t\t\t<\/div>\n\t\t\t\t<\/div>\n\t\t<div data-particle_enable=\"false\" data-particle-mobile-disabled=\"false\" class=\"elementor-element elementor-element-da5829f e-flex e-con-boxed e-con e-parent\" data-id=\"da5829f\" data-element_type=\"container\">\n\t\t\t\t\t<div class=\"e-con-inner\">\n\t\t\t\t<div class=\"elementor-element elementor-element-ddd6f2c elementor-grid-eael-col-4 elementor-grid-tablet-eael-col-2 elementor-grid-mobile-eael-col-1 elementor-widget elementor-widget-eael-post-grid\" data-id=\"ddd6f2c\" data-element_type=\"widget\" data-settings=\"{&quot;eael_post_grid_columns&quot;:&quot;eael-col-4&quot;,&quot;eael_post_grid_columns_tablet&quot;:&quot;eael-col-2&quot;,&quot;eael_post_grid_columns_mobile&quot;:&quot;eael-col-1&quot;}\" data-widget_type=\"eael-post-grid.default\">\n\t\t\t\t\t<div id=\"eael-post-grid-ddd6f2c\" class=\"eael-post-grid-container\">\n            <div class=\"eael-post-grid eael-post-appender eael-post-appender-ddd6f2c eael-post-grid-style-three\" data-layout-mode=\"grid\"><article class=\"eael-grid-post eael-post-grid-column\" data-id=\"217\">\n        <div class=\"eael-grid-post-holder\">\n            <div class=\"eael-grid-post-holder-inner\"><div class=\"eael-entry-media\"><div class=\"eael-entry-overlay fade-in\"><i class=\"fas fa-long-arrow-alt-right\" aria-hidden=\"true\"><\/i><a href=\"https:\/\/derecho.face.ubiobio.cl\/?p=217\"><\/a><\/div><div class=\"eael-entry-thumbnail eael-image-ratio\">\n                 <img fetchpriority=\"high\" decoding=\"async\" width=\"300\" height=\"171\" src=\"https:\/\/derecho.face.ubiobio.cl\/wp-content\/uploads\/2025\/11\/DSC_4071-1099x625-1-300x171.jpg\" class=\"attachment-medium size-medium wp-image-223\" alt=\"\" srcset=\"https:\/\/derecho.face.ubiobio.cl\/wp-content\/uploads\/2025\/11\/DSC_4071-1099x625-1-300x171.jpg 300w, https:\/\/derecho.face.ubiobio.cl\/wp-content\/uploads\/2025\/11\/DSC_4071-1099x625-1-1024x582.jpg 1024w, https:\/\/derecho.face.ubiobio.cl\/wp-content\/uploads\/2025\/11\/DSC_4071-1099x625-1-768x437.jpg 768w, https:\/\/derecho.face.ubiobio.cl\/wp-content\/uploads\/2025\/11\/DSC_4071-1099x625-1.jpg 1099w\" sizes=\"(max-width: 300px) 100vw, 300px\" \/>\n             <\/div>\n        <\/div><div class=\"eael-entry-wrapper\"><header class=\"eael-entry-header\"><h2 class=\"eael-entry-title\"><a class=\"eael-grid-post-link\" href=\"https:\/\/derecho.face.ubiobio.cl\/?p=217\" title=\"UBB y Colegio de Abogados formalizan convenio de cooperaci\u00f3n para el desarrollo profesional y disciplinar\">UBB y Colegio de Abogados formalizan convenio de cooperaci\u00f3n para el desarrollo profesional y disciplinar<\/a><\/h2><\/header><div class=\"eael-entry-content\">\n                        <div class=\"eael-grid-post-excerpt\"><p>El rector Dr. Benito Uma\u00f1a Hermosilla se reuni\u00f3...<\/p><a href=\"https:\/\/derecho.face.ubiobio.cl\/?p=217\" class=\"eael-post-elements-readmore-btn\">Leer m\u00e1s<\/a><\/div>\n                    <\/div><\/div><\/div>\n        <\/div>\n    <\/article><article class=\"eael-grid-post eael-post-grid-column\" data-id=\"231\">\n        <div class=\"eael-grid-post-holder\">\n            <div class=\"eael-grid-post-holder-inner\"><div class=\"eael-entry-media\"><div class=\"eael-entry-overlay fade-in\"><i class=\"fas fa-long-arrow-alt-right\" aria-hidden=\"true\"><\/i><a href=\"https:\/\/derecho.face.ubiobio.cl\/?p=231\"><\/a><\/div><div class=\"eael-entry-thumbnail eael-image-ratio\">\n                 <img decoding=\"async\" width=\"242\" height=\"300\" src=\"https:\/\/derecho.face.ubiobio.cl\/wp-content\/uploads\/2025\/11\/Captura-de-pantalla-2025-11-25-a-las-11.37.04-p.-m-242x300.png\" class=\"attachment-medium size-medium wp-image-232\" alt=\"\" srcset=\"https:\/\/derecho.face.ubiobio.cl\/wp-content\/uploads\/2025\/11\/Captura-de-pantalla-2025-11-25-a-las-11.37.04-p.-m-242x300.png 242w, https:\/\/derecho.face.ubiobio.cl\/wp-content\/uploads\/2025\/11\/Captura-de-pantalla-2025-11-25-a-las-11.37.04-p.-m-827x1024.png 827w, https:\/\/derecho.face.ubiobio.cl\/wp-content\/uploads\/2025\/11\/Captura-de-pantalla-2025-11-25-a-las-11.37.04-p.-m-768x951.png 768w, https:\/\/derecho.face.ubiobio.cl\/wp-content\/uploads\/2025\/11\/Captura-de-pantalla-2025-11-25-a-las-11.37.04-p.-m-1240x1536.png 1240w, https:\/\/derecho.face.ubiobio.cl\/wp-content\/uploads\/2025\/11\/Captura-de-pantalla-2025-11-25-a-las-11.37.04-p.-m.png 1326w\" sizes=\"(max-width: 242px) 100vw, 242px\" \/>\n             <\/div>\n        <\/div><div class=\"eael-entry-wrapper\"><header class=\"eael-entry-header\"><h2 class=\"eael-entry-title\"><a class=\"eael-grid-post-link\" href=\"https:\/\/derecho.face.ubiobio.cl\/?p=231\" title=\"Acad\u00e9mica Valentina Rieseco obtiene el grado de Doctora en Derecho en la University of Edinburgh\">Acad\u00e9mica Valentina Rieseco obtiene el grado de Doctora en Derecho en la University of Edinburgh<\/a><\/h2><\/header><div class=\"eael-entry-content\">\n                        <div class=\"eael-grid-post-excerpt\"><p>La Facultad de Ciencias Empresariales de la Universidad...<\/p><a href=\"https:\/\/derecho.face.ubiobio.cl\/?p=231\" class=\"eael-post-elements-readmore-btn\">Leer m\u00e1s<\/a><\/div>\n                    <\/div><\/div><\/div>\n        <\/div>\n    <\/article><article class=\"eael-grid-post eael-post-grid-column\" data-id=\"271\">\n        <div class=\"eael-grid-post-holder\">\n            <div class=\"eael-grid-post-holder-inner\"><div class=\"eael-entry-media\"><div class=\"eael-entry-overlay fade-in\"><i class=\"fas fa-long-arrow-alt-right\" aria-hidden=\"true\"><\/i><a href=\"https:\/\/derecho.face.ubiobio.cl\/?p=271\"><\/a><\/div><div class=\"eael-entry-thumbnail eael-image-ratio\">\n                 <img decoding=\"async\" width=\"300\" height=\"200\" src=\"https:\/\/derecho.face.ubiobio.cl\/wp-content\/uploads\/2025\/11\/51651-300x200.jpg\" class=\"attachment-medium size-medium wp-image-272\" alt=\"\" srcset=\"https:\/\/derecho.face.ubiobio.cl\/wp-content\/uploads\/2025\/11\/51651-300x200.jpg 300w, https:\/\/derecho.face.ubiobio.cl\/wp-content\/uploads\/2025\/11\/51651-1024x683.jpg 1024w, https:\/\/derecho.face.ubiobio.cl\/wp-content\/uploads\/2025\/11\/51651-768x512.jpg 768w, https:\/\/derecho.face.ubiobio.cl\/wp-content\/uploads\/2025\/11\/51651.jpg 1080w\" sizes=\"(max-width: 300px) 100vw, 300px\" \/>\n             <\/div>\n        <\/div><div class=\"eael-entry-wrapper\"><header class=\"eael-entry-header\"><h2 class=\"eael-entry-title\"><a class=\"eael-grid-post-link\" href=\"https:\/\/derecho.face.ubiobio.cl\/?p=271\" title=\"Inauguran espacios recientemente mejorados en la Facultad de Ciencias Empresariales UBB\">Inauguran espacios recientemente mejorados en la Facultad de Ciencias Empresariales UBB<\/a><\/h2><\/header><div class=\"eael-entry-content\">\n                        <div class=\"eael-grid-post-excerpt\"><p>En el marco de la Cuenta Anual de...<\/p><a href=\"https:\/\/derecho.face.ubiobio.cl\/?p=271\" class=\"eael-post-elements-readmore-btn\">Leer m\u00e1s<\/a><\/div>\n                    <\/div><\/div><\/div>\n        <\/div>\n    <\/article><article class=\"eael-grid-post eael-post-grid-column\" data-id=\"278\">\n        <div class=\"eael-grid-post-holder\">\n            <div class=\"eael-grid-post-holder-inner\"><div class=\"eael-entry-media\"><div class=\"eael-entry-overlay fade-in\"><i class=\"fas fa-long-arrow-alt-right\" aria-hidden=\"true\"><\/i><a href=\"https:\/\/derecho.face.ubiobio.cl\/?p=278\"><\/a><\/div><div class=\"eael-entry-thumbnail eael-image-ratio\">\n                 <img loading=\"lazy\" decoding=\"async\" width=\"241\" height=\"300\" src=\"https:\/\/derecho.face.ubiobio.cl\/wp-content\/uploads\/2025\/11\/\ud835\uddd6\ud835\ude02\ud835\uddf2\ud835\uddfb\ud835\ude01\ud835\uddee-\ud835\udde3u\u0301\ud835\uddef\ud835\uddf9\ud835\uddf6\ud835\uddf0\ud835\uddee-\ud835\uddd9\ud835\uddd4\ud835\uddd6\ud835\uddd8-\ud835\udfee\ud835\udfec\ud835\udfee\ud835\udff1-\ud835\uddd6\ud835\uddee\ud835\uddfa\ud835\uddfd\ud835\ude02\ud835\ude00-\ud835\uddd6\ud835\uddfc\ud835\uddfb\ud835\uddf0\ud835\uddf2\ud835\uddfd\ud835\uddf0\ud835\uddf6\ud835\uddfc\u0301\ud835\uddfbDesde-el-Aula-M-19-241x300.jpg\" class=\"attachment-medium size-medium wp-image-280\" alt=\"\" srcset=\"https:\/\/derecho.face.ubiobio.cl\/wp-content\/uploads\/2025\/11\/\ud835\uddd6\ud835\ude02\ud835\uddf2\ud835\uddfb\ud835\ude01\ud835\uddee-\ud835\udde3u\u0301\ud835\uddef\ud835\uddf9\ud835\uddf6\ud835\uddf0\ud835\uddee-\ud835\uddd9\ud835\uddd4\ud835\uddd6\ud835\uddd8-\ud835\udfee\ud835\udfec\ud835\udfee\ud835\udff1-\ud835\uddd6\ud835\uddee\ud835\uddfa\ud835\uddfd\ud835\ude02\ud835\ude00-\ud835\uddd6\ud835\uddfc\ud835\uddfb\ud835\uddf0\ud835\uddf2\ud835\uddfd\ud835\uddf0\ud835\uddf6\ud835\uddfc\u0301\ud835\uddfbDesde-el-Aula-M-19-241x300.jpg 241w, https:\/\/derecho.face.ubiobio.cl\/wp-content\/uploads\/2025\/11\/\ud835\uddd6\ud835\ude02\ud835\uddf2\ud835\uddfb\ud835\ude01\ud835\uddee-\ud835\udde3u\u0301\ud835\uddef\ud835\uddf9\ud835\uddf6\ud835\uddf0\ud835\uddee-\ud835\uddd9\ud835\uddd4\ud835\uddd6\ud835\uddd8-\ud835\udfee\ud835\udfec\ud835\udfee\ud835\udff1-\ud835\uddd6\ud835\uddee\ud835\uddfa\ud835\uddfd\ud835\ude02\ud835\ude00-\ud835\uddd6\ud835\uddfc\ud835\uddfb\ud835\uddf0\ud835\uddf2\ud835\uddfd\ud835\uddf0\ud835\uddf6\ud835\uddfc\u0301\ud835\uddfbDesde-el-Aula-M-19-822x1024.jpg 822w, https:\/\/derecho.face.ubiobio.cl\/wp-content\/uploads\/2025\/11\/\ud835\uddd6\ud835\ude02\ud835\uddf2\ud835\uddfb\ud835\ude01\ud835\uddee-\ud835\udde3u\u0301\ud835\uddef\ud835\uddf9\ud835\uddf6\ud835\uddf0\ud835\uddee-\ud835\uddd9\ud835\uddd4\ud835\uddd6\ud835\uddd8-\ud835\udfee\ud835\udfec\ud835\udfee\ud835\udff1-\ud835\uddd6\ud835\uddee\ud835\uddfa\ud835\uddfd\ud835\ude02\ud835\ude00-\ud835\uddd6\ud835\uddfc\ud835\uddfb\ud835\uddf0\ud835\uddf2\ud835\uddfd\ud835\uddf0\ud835\uddf6\ud835\uddfc\u0301\ud835\uddfbDesde-el-Aula-M-19-768x957.jpg 768w, https:\/\/derecho.face.ubiobio.cl\/wp-content\/uploads\/2025\/11\/\ud835\uddd6\ud835\ude02\ud835\uddf2\ud835\uddfb\ud835\ude01\ud835\uddee-\ud835\udde3u\u0301\ud835\uddef\ud835\uddf9\ud835\uddf6\ud835\uddf0\ud835\uddee-\ud835\uddd9\ud835\uddd4\ud835\uddd6\ud835\uddd8-\ud835\udfee\ud835\udfec\ud835\udfee\ud835\udff1-\ud835\uddd6\ud835\uddee\ud835\uddfa\ud835\uddfd\ud835\ude02\ud835\ude00-\ud835\uddd6\ud835\uddfc\ud835\uddfb\ud835\uddf0\ud835\uddf2\ud835\uddfd\ud835\uddf0\ud835\uddf6\ud835\uddfc\u0301\ud835\uddfbDesde-el-Aula-M-19.jpg 1080w\" sizes=\"(max-width: 241px) 100vw, 241px\" \/>\n             <\/div>\n        <\/div><div class=\"eael-entry-wrapper\"><header class=\"eael-entry-header\"><h2 class=\"eael-entry-title\"><a class=\"eael-grid-post-link\" href=\"https:\/\/derecho.face.ubiobio.cl\/?p=278\" title=\"\ud835\uddd6\ud835\ude02\ud835\uddf2\ud835\uddfb\ud835\ude01\ud835\uddee \ud835\udde3\u00fa\ud835\uddef\ud835\uddf9\ud835\uddf6\ud835\uddf0\ud835\uddee \ud835\uddd9\ud835\uddd4\ud835\uddd6\ud835\uddd8 \ud835\udfee\ud835\udfec\ud835\udfee\ud835\udff1 | \ud835\uddd6\ud835\uddee\ud835\uddfa\ud835\uddfd\ud835\ude02\ud835\ude00 \ud835\uddd6\ud835\uddfc\ud835\uddfb\ud835\uddf0\ud835\uddf2\ud835\uddfd\ud835\uddf0\ud835\uddf6\ud835\uddfc\u0301\ud835\uddfb\">\ud835\uddd6\ud835\ude02\ud835\uddf2\ud835\uddfb\ud835\ude01\ud835\uddee \ud835\udde3\u00fa\ud835\uddef\ud835\uddf9\ud835\uddf6\ud835\uddf0\ud835\uddee \ud835\uddd9\ud835\uddd4\ud835\uddd6\ud835\uddd8 \ud835\udfee\ud835\udfec\ud835\udfee\ud835\udff1 | \ud835\uddd6\ud835\uddee\ud835\uddfa\ud835\uddfd\ud835\ude02\ud835\ude00 \ud835\uddd6\ud835\uddfc\ud835\uddfb\ud835\uddf0\ud835\uddf2\ud835\uddfd\ud835\uddf0\ud835\uddf6\ud835\uddfc\u0301\ud835\uddfb<\/a><\/h2><\/header><div class=\"eael-entry-content\">\n                        <div class=\"eael-grid-post-excerpt\"><p>Desde el Aula Magna de la Universidad del...<\/p><a href=\"https:\/\/derecho.face.ubiobio.cl\/?p=278\" class=\"eael-post-elements-readmore-btn\">Leer m\u00e1s<\/a><\/div>\n                    <\/div><\/div><\/div>\n        <\/div>\n    <\/article><\/div>\n            <div class=\"clearfix\"><\/div>\n        <\/div>            <div class=\"eael-load-more-button-wrap eael-force-hide\">\n                <button class=\"eael-load-more-button\" id=\"eael-load-more-btn-ddd6f2c\" data-widget-id=\"ddd6f2c\" data-widget=\"ddd6f2c\" data-page-id=\"844\" data-template=\"{&quot;dir&quot;:&quot;lite&quot;,&quot;file_name&quot;:&quot;three.php&quot;,&quot;name&quot;:&quot;Post-Grid&quot;}\" data-class=\"Essential_Addons_Elementor\\Elements\\Post_Grid\" data-layout=\"grid\" data-page=\"1\" data-args=\"orderby=date&amp;order=desc&amp;ignore_sticky_posts=1&amp;post_status=publish&amp;posts_per_page=4&amp;offset=0&amp;post_type=post\" data-max-page=\"2\">\n                    <span class=\"eael-btn-loader button__loader\"><\/span>\n                    <span class=\"eael_load_more_text\">Cargar m\u00e1s<\/span>\n                <\/button>\n            <\/div>\n            \t\t\t\t<\/div>\n\t\t\t\t\t<\/div>\n\t\t\t\t<\/div>\n\t\t\t\t<\/div>\n\t\t","protected":false},"excerpt":{"rendered":"<p>NOTICIAS UBB y Colegio de Abogados formalizan convenio de cooperaci\u00f3n para el desarrollo profesional y disciplinar El rector Dr. Benito Uma\u00f1a Hermosilla se reuni\u00f3&#8230; Leer m\u00e1s Acad\u00e9mica Valentina Rieseco obtiene el grado de Doctora en Derecho en la University of Edinburgh La Facultad de Ciencias Empresariales de la Universidad&#8230; Leer m\u00e1s Inauguran espacios recientemente mejorados [&hellip;]<\/p>\n","protected":false},"author":1,"featured_media":0,"parent":0,"menu_order":0,"comment_status":"closed","ping_status":"closed","template":"","meta":{"footnotes":""},"class_list":["post-844","page","type-page","status-publish","hentry"],"_links":{"self":[{"href":"https:\/\/derecho.face.ubiobio.cl\/index.php?rest_route=\/wp\/v2\/pages\/844","targetHints":{"allow":["GET"]}}],"collection":[{"href":"https:\/\/derecho.face.ubiobio.cl\/index.php?rest_route=\/wp\/v2\/pages"}],"about":[{"href":"https:\/\/derecho.face.ubiobio.cl\/index.php?rest_route=\/wp\/v2\/types\/page"}],"author":[{"embeddable":true,"href":"https:\/\/derecho.face.ubiobio.cl\/index.php?rest_route=\/wp\/v2\/users\/1"}],"replies":[{"embeddable":true,"href":"https:\/\/derecho.face.ubiobio.cl\/index.php?rest_route=%2Fwp%2Fv2%2Fcomments&post=844"}],"version-history":[{"count":22,"href":"https:\/\/derecho.face.ubiobio.cl\/index.php?rest_route=\/wp\/v2\/pages\/844\/revisions"}],"predecessor-version":[{"id":1569,"href":"https:\/\/derecho.face.ubiobio.cl\/index.php?rest_route=\/wp\/v2\/pages\/844\/revisions\/1569"}],"wp:attachment":[{"href":"https:\/\/derecho.face.ubiobio.cl\/index.php?rest_route=%2Fwp%2Fv2%2Fmedia&parent=844"}],"curies":[{"name":"wp","href":"https:\/\/api.w.org\/{rel}","templated":true}]}}